 -1b292 + -124?
-1b3b6
In base 13, what is -59c4 + -1cc7?
-79bb
In base 5, what is 21221 + 1011242?
1033013
In base 8, what is -411135 - -1057?
-410056
In base 13, what is 3b416 - -78?
3b491
In base 6, what is 0 - 14132420053?
-14132420053
In base 2, what is -1101111100011110101100101000 + 100?
-1101111100011110101100100100
In base 12, what is -a319 + 3480?
-6a59
In base 4, what is -3 + 1001332312231?
1001332312222
In base 9, what is 4612 - -230?
4842
In base 14, what is -1d9 - d3d6?
-d5d1
In base 9, what is -4182 + 24880?
20687
In base 7, what is -411012564 - -4?
-411012560
In base 16, what is 453a2f + -2?
453a2d
In base 11, what is 80a74a - 0?
80a74a
In base 4, what is 220021 - 213231221?
-213011200
In base 16, what is -4 + 38defb7?
38defb3
In base 6, what is 3 - 3225100?
-3225053
In base 12, what is -3 + -169b301?
-169b304
In base 7, what is 22050 - 15444?
3303
In base 4, what is 11 - -22001100210?
22001100221
In base 8, what is -1372260 + -32?
-1372312
In base 13, what is 4 - -2b196?
2b19a
In base 7, what is -30534555 + -105?
-30534663
In base 4, what is -10330 + -121321210?
-121332200
In base 12, what is 6 + 82a55?
82a5b
In base 16, what is 596 + f745?
fcdb
In base 14, what is -1 + cb870a?
cb8709
In base 9, what is 374483 - 652?
373731
In base 5, what is 11221213410 + -10?
11221213400
In base 8, what is -7 + -2640615?
-2640624
In base 6, what is -3 - -241332134?
241332131
In base 7, what is 1660520 - -1540?
1662360
In base 12, what is -5 + -66a6a46?
-66a6a4b
In base 5, what is 1004341402 + 13?
1004341420
In base 15, what is 4065704 + 2?
4065706
In base 11, what is -3 + -1929067?
-192906a
In base 16, what is -e33b54 - 2?
-e33b56
In base 3, what is -21002220021110110 - -12?
-21002220021110021
In base 5, what is -11122 - 2222432?
-2234104
In base 13, what is 5 + 1362bab?
1362bb3
In base 13, what is -447 + -364ba?
-36934
In base 7, what is -5 + -14256540?
-14256545
In base 12, what is 144 - 118a42?
-1188ba
In base 8, what is 5374401 - -1?
5374402
In base 9, what is -2665 - 8572?
-12347
In base 13, what is -8 - 5c9473c?
-5c94747
In base 8, what is -121 + -20544751?
-20545072
In base 7, what is 3211122 - 150?
3210642
In base 14, what is -2b08d1 - -b?
-2b08c4
In base 12, what is 5335ba - -16?
533614
In base 10, what is -1204664 + 10?
-1204654
In base 12, what is -853 - -42b5?
3662
In base 15, what is a + 9d4408?
9d4413
In base 8, what is -20110252 + 1?
-20110251
In base 7, what is 5 + 151410664?
151411002
In base 13, what is 1a2446cc5 + 0?
1a2446cc5
In base 14, what is 4 - -80b928?
80b92c
In base 5, what is -13 - 1130343312?
-1130343330
In base 8, what is -402262 - -643?
-401417
In base 13, what is 31701 + 7?
31708
In base 14, what is -4a - 503240?
-50328a
In base 14, what is 15d1a5a + 1?
15d1a5b
In base 6, what is -15221420 + 134?
-15221242
In base 11, what is 38526974 + 7?
38526980
In base 15, what is -1285 + -65e?
-18e4
In base 2, what is 10110010100111010 - -10110111?
10110010111110001
In base 4, what is 2231 + 211000223?
211003120
In base 10, what is -3 - 8161420?
-8161423
In base 14, what is c - 1294c9?
-1294bb
In base 8, what is -10414225 - -4?
-10414221
In base 10, what is 2174225 - -81?
2174306
In base 15, what is c9e7 + 141?
cb38
In base 8, what is -616 - 102610?
-103426
In base 12, what is 6 - 41b298b2?
-41b298a8
In base 3, what is -11001222 - -212020000?
201011001
In base 3, what is 10002201 + 110022?
10120000
In base 8, what is -12 + 125744225?
125744213
In base 10, what is 961 - -4369?
5330
In base 2, what is -10011100111011101011011011111 + -10?
-10011100111011101011011100001
In base 13, what is 103 + -50401?
-502cb
In base 7, what is 130 + 35552454?
35552614
In base 10, what is -77049900 - 4?
-77049904
In base 15, what is 2 - 1bbb79?
-1bbb77
In base 7, what is 26 - -34136343?
34136402
In base 12, what is 21a + -abb04?
-ab8a6
In base 12, what is -494b5 - -1b3?
-49302
In base 6, what is -4 - -154014252?
154014244
In base 9, what is -1412 + 667057?
665545
In base 13, what is -3 - -49a7470?
49a746a
In base 5, what is -30044042230 - -3?
-30044042222
In base 16, what is 26fec68 - 0?
26fec68
In base 11, what is -3 + 20857746?
20857743
In base 3, what is 10 + 110000101120211?
110000101120221
In base 3, what is 112 + 11022001101122?
11022001102011
In base 14, what is -8c3 - 452a?
-500d
In base 9, what is -13641 + 542?
-13088
In base 4, what is 20003233002 - -33?
20003233101
In base 12, what is -2836904 - 5?
-2836909
In base 15, what is 787a1 - -5?
787a6
In base 10, what is -5564829 + 2?
-5564827
In base 12, what is -128656 - 6a?
-128704
In base 4, what is 1 - 120123033332?
-120123033331
In base 8, what is -75066 - -202?
-74664
In base 2, what is -10010101001001010101010110 + -100?
-10010101001001010101011010
In base 15, what is -5a111 - 317?
-5a428
In base 11, what is 4 - -4291533?
4291537
In base 10, what is -1488 - -143550?
142062
In base 2, what is -1000010110000100110110000 + -10?
-1000010110000100110110010
In base 7, what is -2105 + -340666?
-343104
In base 7, what is -151614422 + 2?
-151614420
In base 12, what is 5ba946 - 0?
5ba946
In base 16, what is -2669b51e - 0?
-2669b51e
In base 5, what is -3 - -44133002433?
44133002430
In base 11, what is -33051 + -4754?
-377a5
In base 13, what is -3363 - 2b?
-3391
In base 13, what is 27c + -3148b?
-3120c
In base 14, what is -2312 - -467?
-1c89
In base 8, what is 22 + 13642544?
13642566
In base 4, what is -120332300033 + -11?
-120332300110
In base 10, what is -3720 - -14729?
11009
In base 12, what is -3125 - 1283?
-43a8
In base 13, what is 10 + 7a3b56?
7a3b66
In base 9, what is -334602 + -885?
-335587
In base 4, what is -23013012212321 + 20?
-23013012212301
In base 12, what is 1728b912a - -4?
1728b9132
In base 13, what is 3b29a - -3778?
41a45
In base 4, what is 13332323312 - -32?
13332330010
In base 3, what is -1000 - -10000121220112220?
10000121220111220
In base 13, what is -1b + 2098b2?
209894
In base 15, what is -237 - 13cc57?
-13ce8e
In base 7, what is -62411 - -1406?
-61002
In base 8, what is -146717 - -203?
-146514
In base 9, what is 824757 + -22?
824735
In base 11, what is 116 - 6512a?
-65014
In base 4, what is 12000111 + -2102?
11332003
In base 3, what is 12 + 1220201200010?
1220201200022
In base 4, what is -20103 - -1013312?
333203
In base 4, what is 300202003211 - 2?
300202003203
In base 2, what is 1010000010001 - 11111011111011?
-10101011101010
In base 12, what is -a94824 - 14?
-a94838
In base 9, what is -18700 + 12253?
-6436
In base 14, what is -6b3b + -70?
-6bab
In base 11, what is 5074168 - 1?
5074167
In base 12, what is -70 - -1b8953?
1b88a3
In base 7, what is 264 + -160206?
-156612
In base 9, what is -114314328 + 0?
-114314328
In base 10, what is -8 - -5759372?
5759364
In base 12, what is -2 + 68878b?
688789
In base 14, what is -a7 + 1c6ba?
1c613
In base 2, what is -11001 - -10001001100111011101100?
10001001100111011010011
In base 7, what is 123464 - -514?
124311
In base 9, what is -1202270 + 1?
-1202268
In base 8, what is -13622662 + -247?
-13623131
In base 4, what is -3123130 + 320102?
-2203022
In base 3, what is 100101211100 - -200111?
100102111211
In base 7, what is -115263454 + 0?
-115263454
In base 8, what is -20257367 + -1?
-20257370
In base 16, what is 393 - 16ca?
-1337
In base 7, what is -452 + -136024?
-136506
In base 6, what is -122252033 + -1?
-122252034
In base 13, what is -b240 + -363?
-b5a3
In base 6, what is -3212201152 + -42?
-3212201234
In base 7, what is 31142 - -3466?
34641
In base 4, what is 2 - -13120303011103?
13120303011111
In base 10, what is 31865 - -22614?
54479
In base 11, what is -1432862 - 43?
-14328a5
In base 3, what is -21222022111221 + 20?
-21222022111201
In base 13, what is -9 + 317bab?
317ba2
In base 13, what is -cb220 + -11?
-cb231
In base 2, what is 0 + -101101011011000000100?
-101101011011000000100
In base 16, what is 21 - 1609?
-15e8
In base 8, what is -15217 - 1437?
-16656
In base 4, what is -222123 - -12033201?
11211012
In base 14, what is 3dc + 47918?
47d16
In base 14, what is 66ac4250 + -2?
66ac424c
In base 7, what is 116644122 + 1?
116644123
In base 10, what is 2991336 - -49?
2991385
In base 3, what is 200221101 + -12000112012?
-11022120211
In base 5, what is 2410 + 3114434?
3122344
In base 2, what is 10010 - -110100000001010?
11